{"id":17,"date":"2018-03-30T11:54:03","date_gmt":"2018-03-30T11:54:03","guid":{"rendered":"https:\/\/www.ckzpiran.si\/?page_id=17"},"modified":"2025-02-20T11:29:07","modified_gmt":"2025-02-20T09:29:07","slug":"home","status":"publish","type":"page","link":"https:\/\/www.ckzpiran.si\/","title":{"rendered":""},"content":{"rendered":"<h6 class=\"Navadensplet\" style=\"margin-bottom: 0.0001pt; line-height: normal; text-align: center;\"><b><span style=\"font-size: 14.0pt; font-family: 'Calibri',sans-serif;\">Predstavitev strokovnjakov, ki delujejo v centru za krepitev zdravja<br \/>\n<\/span><\/b><\/h6>\n<h4><\/h4>\n<h4 class=\"Standard\" style=\"text-align: justify; text-justify: inter-ideograph;\"><b>Kaj je kineziologija in zakaj obiskati kineziologa v Centru za krepitev zdravja?<\/b><\/h4>\n<p class=\"Standard\" style=\"text-align: justify; text-justify: inter-ideograph;\">Kineziologija je veda o gibanju \u010dlove\u0161kega telesa. Prou\u010duje gibanje z biomehanskega, psiholo\u0161kega in fiziolo\u0161kega vidika. Povedano z drugimi besedami se kineziologija ukvarja s prou\u010devanjem \u010dloveka v gibanju (v to \u0161tejemo transport \u2013 kolesarjenje, hoja \u2013 gospodinjska dela, fizi\u010dno naporna delovna mesta, vadbo, igro z otroki \u2026) in vplivom razli\u010dnih vrst gibanja na telo (npr. vpliv vadbe na bole\u010dino v spodnjem delu hrbta, izgubo telesne mase \u2026).<\/p>\n<p class=\"Standard\" style=\"text-align: justify; text-justify: inter-ideograph;\">V Centru za krepitev zdravja ZD Piran je zaposlena diplomirana kineziologinja Anja Pavli\u010d, ki sodeluje v ve\u010d Programih za krepitev zdravja. V sodelovanju s fizioterapevtom izvaja meritve telesne pripravljenosti za odrasle in starej\u0161e in izvaja vadbo za otroke v programu za obravnavo dru\u017einske debelosti otrok in mladostnikov. K njej pa se lahko naro\u010dite tudi na individualne posvete preko e-mail naslova anja.pavlic@zd-piran.si ali pokli\u010dete na telefonsko \u0161tevilko 040 775 103.<\/p>\n<p><a href=\"https:\/\/www.ckzpiran.si\/?page_id=1458\">Preberite ve\u010d<\/a><\/p>\n<h4 style=\"margin-bottom: 0.0001pt; line-height: normal; text-align: left;\" align=\"center\"><b><span style=\"font-size: 14.0pt; font-family: 'Calibri',sans-serif;\">Dietetik<\/span><\/b><\/h4>\n<p>Dietetik v zdravstveni dejavnosti dela na podro\u010dju dietetike, dobro pozna \u017eivila, njihovo vsebnost hranil ter uporabnost v prehrani, ocenjuje prehranjevalne navade in prehransko stanje vseh starostnih skupin ljudi, na\u010drtuje jedilnike za posameznike in za skupine prebivalcev z namenom prepre\u010devanja bolezni ter hitrej\u0161ega okrevanja bolnikov. Opravlja prehransko presejanje (obravnavo) in oceno prehranskega stanja ter sestavlja prehranski na\u010drt in spremlja u\u010dinkovitost predlaganih ukrepov. Dietetik dobro pozna tehnike za oceno vnosa in izra\u010duna potrebnih hranil ter pri svojem delu uporablja smernice in referen\u010dne vrednosti. Sestavlja jedilnike tako za zdrave kot bolne posameznike ali skupine prebivalcev. Opravlja zdravstveno vzgojno delo in svetuje posameznikom o pravilni prehrani in ustreznem na\u010dinu priprave hrane<\/p>\n<p>V Centru za krepitev zdravja ZD Piran sta zaposlena:<\/p>\n<ul>\n<li>diplomiran dietetik Tilen Frange\u0161, ki sodeluje v individualnih in skupinskih programih za krepitev zdravja za odrasle, lahko pa se naro\u010dite tudi na individualne posvete preko e\u2013mail naslova: <a href=\"mailto:tilen.franges@zd-piran.si\">tilen.franges@zd-piran.si<\/a> ali pokli\u010dete na telefonsko \u0161tevilko 040 775 105.<\/li>\n<li>diplomirana dieteti\u010darka Maja Pu\u0161nik, ki sodeluje v individualnih in skupinskih programih za otroke in mladostnike. Kontakti za naro\u010danje na Individualne posvete so: <a href=\"mailto:maja.pusnik@zd-piran.si\">maja.pusnik@zd-piran.si<\/a> ali telefon 05 62 07 221.<\/li>\n<\/ul>\n<p><a href=\"https:\/\/www.ckzpiran.si\/?page_id=1465\">Preberite ve\u010d<\/a><\/p>\n<h4>Fizioterapevt<\/h4>\n<p>Delo fizioterapevta v Centru za krepitev zdravja zajema izvajanje preventivnih dejavnosti v okviru lokalne skupnosti. Programi zajemajo izvajanje testiranja telesne pripravljenosti za odrasle in starej\u0161e, ozave\u0161\u010danje ljudi o pomembnosti telesne aktivnosti za kvalitetnej\u0161e \u017eivljenje v okviru predavanj in izvajanje skupinske vadbe.<\/p>\n<p>V Centru za krepitev zdravja ZD Piran, je zaposlena diplomirana fizioterapevtka Ula Koterle, ki sodeluje v ve\u010d programih za krepitev zdravja. K njej se lahko naro\u010dite na individualne posvete preko e-mail naslova ula.koterle@zd-piran.si\u00a0 ali pokli\u010dete na telefonsko \u0161tevilko 040 775 108.<\/p>\n<p><a href=\"https:\/\/www.ckzpiran.si\/?page_id=1500\">Preberite ve\u010d<\/a><\/p>\n<h4><strong>Diplomirana medicinska sestra v\u00a0 promociji zdravja in zdravstveni vzgoji<br \/>\n<\/strong><\/h4>\n<p style=\"margin: 0cm; margin-bottom: .0001pt; text-align: justify; line-height: normal;\">Poklic medicinske sestre sega v 19. stoletje, njihova vzornica pa je bila Florence Nightingale rojena leta 1820, ki se je zavzemala za socialno zdravstvo in bolj humane razmere v bolni\u0161nici. Prva slovenska (patrona\u017ena) medicinska sestra je bila Angela Bo\u0161kin, ki se je rodila 66 let za Florence. Bila je poosebljena skrb za otroke. Ena njenih najlep\u0161ih gest je bila ponujanje jabolk otrokom od hi\u0161e do hi\u0161e. Vse do danes je zdravstveni sistem postal veliko bolj kompleksen, medicinska sestra pa \u0161e vedno ostaja prvi stik s pacientom, pri \u010demer se trudi ohraniti pristen stik s \u010dlovekom.<\/p>\n<p>V Centru za krepitev zdravja ZD Piran sta zaposleni dve diplomirani medicinski sestri Tadeja Bizjak in Ur\u0161ka Po\u010deko.<\/p>\n<ul>\n<li>Tadeja Bizjak in Ur\u0161ka Po\u010deko sodelujeta v individualnih in skupinskih programih za krepitev zdravja odraslih, k njim se lahko naro\u010dite na individualne posvete preko elektronskih naslovov: <a href=\"mailto:ckz@zd-piran.si\">ckz@zd-piran.si<\/a>\u00a0<a href=\"mailto:tadeja.bizjak@zd-piran.si\">tadeja.bizjak@zd-piran.si<\/a>\u00a0 <a href=\"mailto:urska.poceko@zd-piran.si\">urska.poceko@zd-piran.si<\/a> ali pokli\u010dete na telefonsko \u0161tevilko 05 62 07 221.<\/li>\n<\/ul>\n<p><a href=\"https:\/\/www.ckzpiran.si\/?page_id=1498\">Preberite ve\u010d<\/a><\/p>\n<h4>Psihologinja<\/h4>\n<p>Psihologi v zdravstvu delajo predvsem na podro\u010djih klini\u010dne psihologije, psihologije zdravja in zdravstvene psihologije ter medicine dela, prometa in \u0161porta; sodelujejo pa tudi pri promociji zdravja. Prek biopsihosocialnega modela zdravja spodbujajo sposobnost uresni\u010devanja posameznikovih te\u017eenj in zadovoljevanja potreb ter spreminjanja oz. obvladovanja njegovega okolja (v smeri krepitve zdravja in ohranjanja zdravju naklonjenih \u017eivljenjskih slogov, izbir in okolja). Sodelujejo pri spreminjanju javne politike, preusmerjanju primarnega zdravstvenega varstva, oblikovanju opornih okolij, vzgoji za zdravje, vklju\u010devanju lokalne skupnosti. Na raziskovalni, strate\u0161ko-na\u010drtovalni in aplikativni ravni prispevajo svoje znanje oziroma ravnanje v zvezi z razumevanjem in vplivanjem na individualno\/skupinsko vedenje v zvezi z zdravjem v razli\u010dnih razvojnih obdobjih.<\/p>\n<p>V Centru za krepitev zdravja ZD Piran sta zaposleni psihologinja Sabina Petronio (odsotna v letu 2025), ki izvaja individualne in skupinske programe za krepitev zdravja odraslih in Ivana Matovina, ki sodeluje predvsem na naslednjih podro\u010djih preventive: pri izvajanju psiholo\u0161kih vsebin programa Priprava na porod in star\u0161evstvo, pri aktivnostih krepitve zdravja za otroke in mladostnike, njihove star\u0161e ter za mlade v lokalnih skupnostih ter pri aktivnostih krepitve zdravja in zmanj\u0161evanja neenakosti v zdravju v lokalni skupnosti ter nadome\u0161\u010da Sabino Petronio.<\/p>\n<p><a href=\"https:\/\/www.ckzpiran.si\/?page_id=1495\">Preberite ve\u010d<\/a><\/p>\n","protected":false},"excerpt":{"rendered":"<p>Predstavitev strokovnjakov, ki delujejo v centru za krepitev zdravja Kaj je kineziologija in zakaj obiskati kineziologa v Centru za krepitev zdravja? Kineziologija je veda o gibanju \u010dlove\u0161kega telesa. Prou\u010duje gibanje &#8230;<\/p>\n","protected":false},"author":1,"featured_media":0,"parent":0,"menu_order":0,"comment_status":"closed","ping_status":"closed","template":"template-frontpage.php","meta":{"footnotes":""},"class_list":["post-17","page","type-page","status-publish","hentry"],"_links":{"self":[{"href":"https:\/\/www.ckzpiran.si\/index.php?rest_route=\/wp\/v2\/pages\/17","targetHints":{"allow":["GET"]}}],"collection":[{"href":"https:\/\/www.ckzpiran.si\/index.php?rest_route=\/wp\/v2\/pages"}],"about":[{"href":"https:\/\/www.ckzpiran.si\/index.php?rest_route=\/wp\/v2\/types\/page"}],"author":[{"embeddable":true,"href":"https:\/\/www.ckzpiran.si\/index.php?rest_route=\/wp\/v2\/users\/1"}],"replies":[{"embeddable":true,"href":"https:\/\/www.ckzpiran.si\/index.php?rest_route=%2Fwp%2Fv2%2Fcomments&post=17"}],"version-history":[{"count":39,"href":"https:\/\/www.ckzpiran.si\/index.php?rest_route=\/wp\/v2\/pages\/17\/revisions"}],"predecessor-version":[{"id":3520,"href":"https:\/\/www.ckzpiran.si\/index.php?rest_route=\/wp\/v2\/pages\/17\/revisions\/3520"}],"wp:attachment":[{"href":"https:\/\/www.ckzpiran.si\/index.php?rest_route=%2Fwp%2Fv2%2Fmedia&parent=17"}],"curies":[{"name":"wp","href":"https:\/\/api.w.org\/{rel}","templated":true}]}}